 0?
-261
In base 12, what is 4069 + -1?
4068
In base 12, what is 63b + -7?
634
In base 3, what is 2 - -11222012?
11222021
In base 4, what is -2 - 0?
-2
In base 14, what is 275 + 1c?
293
In base 8, what is 332 + -3?
327
In base 6, what is 0 + -425?
-425
In base 15, what is -10 - 289?
-299
In base 12, what is 2 - 67?
-65
In base 11, what is 8 + 10?
18
In base 15, what is 2aa + -16?
294
In base 14, what is -117 + -4?
-11b
In base 7, what is 1231 + 36?
1300
In base 15, what is 2 - 82?
-80
In base 6, what is 3 - -23402?
23405
In base 7, what is 123 - -36?
162
In base 11, what is -5a32 - -2?
-5a30
In base 13, what is -3c + -1?
-40
In base 15, what is -2 + -b?
-d
In base 2, what is -1110 - 111110?
-1001100
In base 9, what is -38 - 4?
-43
In base 3, what is -202 - -10?
-122
In base 9, what is -1 + 31?
30
In base 13, what is 2 - 637?
-635
In base 8, what is 113 + -2?
111
In base 12, what is 13 - 6?
9
In base 10, what is 29 - 11?
18
In base 6, what is -2 + -424?
-430
In base 3, what is -2201 - 12?
-2220
In base 4, what is -213 - -200?
-13
In base 3, what is -222022 - 11?
-222110
In base 5, what is -2244 + 200?
-2044
In base 3, what is 2210 - -1202?
11112
In base 12, what is 41 + -99?
-58
In base 11, what is 5 - 177?
-172
In base 12, what is -4 + -16?
-1a
In base 2, what is -1000111010 - 100101?
-1001011111
In base 4, what is 10 - 2211?
-2201
In base 16, what is 11c - 5?
117
In base 12, what is -6 + 12?
8
In base 10, what is -2 - 419?
-421
In base 16, what is -f - -6f?
60
In base 3, what is 12120 - -12?
12202
In base 7, what is -1433 + -20?
-1453
In base 5, what is 3441 - -3?
3444
In base 11, what is 2837 - -2?
2839
In base 3, what is 21111 - 0?
21111
In base 5, what is 2202130 - -4?
2202134
In base 6, what is -4 - -4553?
4545
In base 13, what is -8c6c - 0?
-8c6c
In base 16, what is -4 + 98?
94
In base 3, what is -212221 - 12?
-220010
In base 3, what is 2 + 11002?
11011
In base 11, what is 206 + -5?
201
In base 3, what is 0 - 210?
-210
In base 2, what is 1 - 110101?
-110100
In base 9, what is -1238 - 7?
-1246
In base 16, what is -3 - 129?
-12c
In base 15, what is -89 + -2?
-8b
In base 11, what is 2044 - 3?
2041
In base 7, what is -3231 + 4?
-3224
In base 14, what is d91 - -3?
d94
In base 9, what is 4 + -2704?
-2700
In base 7, what is 554 - -13?
600
In base 3, what is 100 + -21?
2
In base 10, what is -2 + -132?
-134
In base 2, what is 1011010101111 + -101?
1011010101010
In base 7, what is -10303 + 5?
-10265
In base 14, what is -89 + 3?
-86
In base 4, what is -11 - 333?
-1010
In base 5, what is -1010 - -2?
-1003
In base 12, what is -5 + 411?
408
In base 6, what is 2400 - 1?
2355
In base 9, what is 317 + -5?
312
In base 2, what is -11011 + -101001?
-1000100
In base 9, what is -8 + 408?
400
In base 7, what is -2 - 110?
-112
In base 13, what is -3 + -172?
-175
In base 3, what is 200 - -22112?
100012
In base 11, what is -4 - -276?
272
In base 4, what is 10 - -211?
221
In base 5, what is -433 - 10?
-443
In base 10, what is 2 - 418?
-416
In base 3, what is 12001 + 0?
12001
In base 15, what is -2 + e05?
e03
In base 10, what is -5 - 8?
-13
In base 10, what is -2 - -112?
110
In base 2, what is -1100 - 101001?
-110101
In base 13, what is 5 - -12?
17
In base 7, what is -5 - -61?
53
In base 4, what is -2123323 + 11?
-2123312
In base 16, what is 341 + -1?
340
In base 8, what is 1 - -127?
130
In base 9, what is -18 - 1?
-20
In base 2, what is -100 + -1001101?
-1010001
In base 11, what is -2 + 863?
861
In base 6, what is 1505 + 0?
1505
In base 13, what is 11 + 89?
9a
In base 12, what is 1194 - -4?
1198
In base 15, what is 1 - 7ba?
-7b9
In base 9, what is 3 + -16?
-13
In base 4, what is 11 - -2300?
2311
In base 15, what is -76 + 7?
-6e
In base 10, what is -26 + 23?
-3
In base 3, what is 211122 - 100?
211022
In base 3, what is 22001 + 12?
22020
In base 2, what is 1000101011000 + -10?
1000101010110
In base 4, what is 120 - -3?
123
In base 12, what is b07 - 4?
b03
In base 8, what is 1151 - 2?
1147
In base 4, what is 1 + 101?
102
In base 16, what is -1404 + -1?
-1405
In base 10, what is -423 - -4?
-419
In base 16, what is -4f - -5?
-4a
In base 11, what is -45 - 44?
-89
In base 13, what is 43 - -a9?
11c
In base 5, what is -1142 + 10?
-1132
In base 10, what is 10 - 91?
-81
In base 16, what is -103 + -1?
-104
In base 3, what is 101 - 210?
-102
In base 3, what is 1001 - -21?
1022
In base 15, what is 9 - -1d7?
1e1
In base 9, what is -10087 + -3?
-10101
In base 10, what is -1 + -2066?
-2067
In base 11, what is 4 - -49a?
4a3
In base 14, what is -18 - 9?
-23
In base 13, what is -8 + 48?
40
In base 8, what is 46 + -104?
-36
In base 4, what is 2120 - -11?
2131
In base 2, what is 10001 - 0?
10001
In base 3, what is 1022212121 + -2?
1022212112
In base 16, what is 11f - -2?
121
In base 3, what is -2001222 - -11?
-2001211
In base 10, what is 8 + -60?
-52
In base 8, what is -2 - 344?
-346
In base 8, what is 571 - 3?
566
In base 15, what is 5 - -60c?
612
In base 5, what is -1303 - 4?
-1312
In base 13, what is 12 + -411?
-3cc
In base 5, what is -13 + 11302?
11234
In base 5, what is 4 - 23110?
-23101
In base 5, what is 20 - 224?
-204
In base 15, what is 13 - -b?
1e
In base 16, what is -1 + -2?
-3
In base 3, what is -22 + 120121?
120022
In base 14, what is -568 - 5?
-56d
In base 15, what is 68d - -3?
691
In base 8, what is -5 + -213?
-220
In base 13, what is -976 - -4?
-972
In base 11, what is 1 - 32?
-31
In base 8, what is 5 + -1105?
-1100
In base 11, what is -2 - -933?
931
In base 12, what is b + 54?
63
In base 2, what is -101001000110 + 1?
-101001000101
In base 14, what is -2b + -8c?
-b9
In base 5, what is -1343 + 3?
-1340
In base 6, what is -5 + 1410?
1401
In base 9, what is -7 - 302?
-310
In base 5, what is -4 + 42100?
42041
In base 12, what is 1 + 67a?
67b
In base 15, what is 26 + 105?
12b
In base 9, what is -5 + 165?
160
In base 12, what is 4 + -19?
-15
In base 13, what is -6 + 152?
149
In base 9, what is 106 + -24?
72
In base 6, what is 1 - 150?
-145
In base 3, what is -112021122 + -1?
-112021200
In base 2, what is 1001011 - -10001?
1011100
In base 16, what is -18 - b?
-23
In base 15, what is 2 + -17?
-15
In base 2, what is 0 + 1000010001?
1000010001
In base 9, what is -6 + 81?
74
In base 13, what is -106 + -5?
-10b
In base 8, what is -3 - -61?
56
In base 9, what is -207 - -4?
-203
In base 10, what is 1 - 82?
-81
In base 14, what is 57 + 9c?
115
In base 9, what is -5 - 815?
-821
In base 7, what is -5 + -14?
-22
In base 5, what is -333 - 3?
-341
In base 4, what is -1121102 - -10?
-1121032
In base 16, what is 8 + 59?
61
In base 14, what is -53 - -6?
-4b
In base 14, what is -8b + c9?
3c
In base 7, what is 431 - -11?
442
In base 3, what is -12212 - 10?
-12222
In base 2, what is -111 - 101011111?
-101100110
In base 16, what is -2 - -11f?
11d
In base 13, what is -4bc + -4?
-4c3
In base 2, what is -11 + 10111011?
10111000
In base 6, what is 13 + -3?
10
In base 11, what is 10a1 - -5?
10a6
In base 9, what is -556 + 5?
-551
In base 7, what is -5 - 403?
-411
In base 16, what is 1 + -a5?
-a4
In base 11, what is -4 - 36?
-3a
In base 11, what is -8 + 60?
53
In base 3, what is -100 + -12?
-112
In base 5, what is -3 - 1333?
-1341
In base 11, what is -7 + 397?
390
In base 10, what is -17 - 2?
-19
In base 9, what is -133 - -222?
78
In base 9, what is -3 + 763?
760
In base 11, what is 1 - -207?
208
In base 8, what is -330 + -2?
-332
In base 14, what is -13b + -1?
-13c
In base 12, what is 185 + -5?
180
In base 15, what is 5 - e64?
-e5e
In base 6, what is 1 - -1250?
1251
In base 15, what is 81e + -a?
814
In base 3, what is 0 + -2200120?
-2200120
In base 9, what is -264 + 88?
-165
In base 14, what is dd + 17?
116
In base 16, what is 40 - -b?
4b
In base 6, what is -13 + 1432?
1415
In base 9, what is -3 + 1005?
1002
In base 13, what is -3 + -50?
-53
In base 8, what is -405 + 3?
-402
In base 14, what is -903 - 5?
-908
In base 6, what is -4 + -135?
-143
In base 12, what is -54 - -198?
144
In base 7, what is -24 - -146?
122
In base 13, what is -1 + 13?
12
In base 13, what is 6 + -709?
-703
In base 12, what is a2 + -1?
a1
In base 15, what is 18 + 1?
19
In base 10, what is 5 - -36?
41
In base 10, what is -3 + -144?
-147
In base 13, what is -2 - -22c?
22a
In base 8, what is -44 + 12?
-32
In base 3, what is -10 